{"id":37,"date":"2016-01-26T06:19:46","date_gmt":"2016-01-26T06:19:46","guid":{"rendered":"http:\/\/ictss2016.ist.tugraz.at\/?page_id=37"},"modified":"2016-10-17T07:30:33","modified_gmt":"2016-10-17T05:30:33","slug":"committees","status":"publish","type":"page","link":"https:\/\/ictss2016.sai.tugraz.at\/index.php\/committees\/","title":{"rendered":"Committees"},"content":{"rendered":"<h1>General Chairs:<\/h1>\n<ul>\n<li>Franz Wotawa, TU Graz, Austria<\/li>\n<li>Mihai Nica, AVL, Austria<\/li>\n<li>Natalia Kushik, Telecom SudParis, France<\/li>\n<\/ul>\n<h1>Technical Program Committee:<\/h1>\n<ul>\n<li>Bernhard K. Aichernig<\/li>\n<li>Fevzi Belli<\/li>\n<li>Gregor Bochmann<\/li>\n<li>Kirill Bogdanov<\/li>\n<li>Ana Cavalli<\/li>\n<li>Byoungju Choi<\/li>\n<li>John Derrick<\/li>\n<li>Khaled El-Fakih<\/li>\n<li>Gordon Fraser<\/li>\n<li>Angelo Gargantini<\/li>\n<li>Sudipto Ghosh<\/li>\n<li>Jens Grabowski<\/li>\n<li>Klaus Havelund<\/li>\n<li>Rob Hierons<\/li>\n<li>Teruo Higashino<\/li>\n<li>Dieter Hogrefe<\/li>\n<li>Thierry J\u00e9ron<\/li>\n<li>Ferhat Khendek<\/li>\n<li>Harald Ko<\/li>\n<li>Victor Kuliamin<\/li>\n<li>Natalia Kushik (Chair)<\/li>\n<li>Bruno Legeard<\/li>\n<li>Stephane Maag<\/li>\n<li>Patricia Machado<\/li>\n<li>Wissam Mallouli<\/li>\n<li>Wes Masri<\/li>\n<li>Radu Mateescu<\/li>\n<li>Karl Meinke<\/li>\n<li>Zoltan Micskei<\/li>\n<li>Edgardo Montes De Oca<\/li>\n<li>Tejeddine Mouelhi<\/li>\n<li>Mihai Nica (Chair)<\/li>\n<li>Brian Nielsen<\/li>\n<li>Manuel Nu\u00f1ez<\/li>\n<li>Alexandre Petrenko<\/li>\n<li>Andrea Polini<\/li>\n<li>Ina Schieferdecker<\/li>\n<li>Holger Schlingloff<\/li>\n<li>Adenilso Simao<\/li>\n<li>Dimitris E. Simos<\/li>\n<li>Miroslaw Staron<\/li>\n<li>Andreas Ulrich<\/li>\n<li>Cesar Viho<\/li>\n<li>Tanja E. J. Vos<\/li>\n<li>Neil Walkinshaw<\/li>\n<li>Farn Wang<\/li>\n<li>Stephan Weissleder<\/li>\n<li>Burkhart Wolff<\/li>\n<li>Franz Wotawa (Chair)<\/li>\n<li>Hirozumi Yamaguchi<\/li>\n<li>H\u00fcsn\u00fc Yenig\u00fcn<\/li>\n<li>Fatiha Zaidi<\/li>\n<\/ul>\n<h1>Steering Committee:<\/h1>\n<ul>\n<li>Rob Hierons (Chair)<\/li>\n<li>Andreas Ulrich<\/li>\n<li>Ana Cavalli<\/li>\n<li>Khaled El Fakih<\/li>\n<li>Nina Yevtushenko<\/li>\n<li>Mercedes G. Merayo<\/li>\n<li>Edgardo Montes de Oca<\/li>\n<li>Cemal Yilmaz<\/li>\n<li>H\u00fcsn\u00fc Yenig\u00fcn<\/li>\n<\/ul>\n<h1>Publicity Chair:<\/h1>\n<ul>\n<li>Ingo Pill<\/li>\n<\/ul>\n<h1>Local Organizing Committee:<\/h1>\n<ul>\n<li>Petra Pichler<\/li>\n<li>Elisabeth Orthofer<\/li>\n<li>J\u00f6rg Baumann<\/li>\n<\/ul>\n<p>&nbsp;<\/p>\n","protected":false},"excerpt":{"rendered":"<p>General Chairs: Franz Wotawa, TU Graz, Austria Mihai Nica, AVL, Austria Natalia Kushik, Telecom SudParis, France Technical Program Committee: Bernhard K. Aichernig Fevzi Belli Gregor Bochmann Kirill Bogdanov Ana Cavalli Byoungju Choi John Derrick Khaled El-Fakih Gordon Fraser Angelo Gargantini &hellip; <a href=\"https:\/\/ictss2016.sai.tugraz.at\/index.php\/committees\/\">Continue reading <span class=\"meta-nav\">&rarr;<\/span><\/a><\/p>\n","protected":false},"author":4,"featured_media":0,"parent":0,"menu_order":0,"comment_status":"closed","ping_status":"closed","template":"","meta":{"footnotes":""},"class_list":["post-37","page","type-page","status-publish","hentry"],"_links":{"self":[{"href":"https:\/\/ictss2016.sai.tugraz.at\/index.php\/wp-json\/wp\/v2\/pages\/37","targetHints":{"allow":["GET"]}}],"collection":[{"href":"https:\/\/ictss2016.sai.tugraz.at\/index.php\/wp-json\/wp\/v2\/pages"}],"about":[{"href":"https:\/\/ictss2016.sai.tugraz.at\/index.php\/wp-json\/wp\/v2\/types\/page"}],"author":[{"embeddable":true,"href":"https:\/\/ictss2016.sai.tugraz.at\/index.php\/wp-json\/wp\/v2\/users\/4"}],"replies":[{"embeddable":true,"href":"https:\/\/ictss2016.sai.tugraz.at\/index.php\/wp-json\/wp\/v2\/comments?post=37"}],"version-history":[{"count":9,"href":"https:\/\/ictss2016.sai.tugraz.at\/index.php\/wp-json\/wp\/v2\/pages\/37\/revisions"}],"predecessor-version":[{"id":334,"href":"https:\/\/ictss2016.sai.tugraz.at\/index.php\/wp-json\/wp\/v2\/pages\/37\/revisions\/334"}],"wp:attachment":[{"href":"https:\/\/ictss2016.sai.tugraz.at\/index.php\/wp-json\/wp\/v2\/media?parent=37"}],"curies":[{"name":"wp","href":"https:\/\/api.w.org\/{rel}","templated":true}]}}